- 6 = 0, 0 = 4*y + 3*s + 2 + 13. What is the units digit of j(y)?
6
Suppose -7*z + 1745 + 1139 = 0. Suppose -138 - z = -o. What is the units digit of o?
0
Let g = -23889 - -36750. What is the tens digit of g?
6
Let r(a) be the first derivative of -18*a - 20 - 17/2*a**2. What is the tens digit of r(-4)?
5
Suppose -8*i + 476 = -260. What is the units digit of ((-115)/i)/((-2)/1016)?
5
Let f = -563 + 40631. Suppose -18*p + f = 18*p. What is the units digit of p?
3
Let c = -4319 + 4921. What is the hundreds digit of c?
6
Let c(d) = -31*d**3 + 10*d**2 + 36*d + 197. What is the ten thousands digit of c(-8)?
1
Suppose 3*f = f + 4. Suppose -2*d + f*n = -84, d + 3*n = -d + 109. Let c = d + -40. What is the units digit of c?
7
Suppose 6*v = 76 - 268. Let n = 167 + v. What is the tens digit of 4 + (n/4)/(15/60)?
3
Suppose -25312 - 9526 = -5*z - 2*r, 5*z = r + 34826. What is the units digit of z?
6
Suppose k = -101 - 67. Let d = k + 506. What is the units digit of d?
8
Suppose 3 + 13 = -4*w. Let x(g) = -7*g**2 - 4*g + 5. Let s(m) = 2*m**2 + m. Let o(k) = 6*s(k) + x(k). What is the tens digit of o(w)?
7
Let j(l) = -l**3 + 0*l**2 - 2 + 0*l**2 - 2*l - 10 - 10*l**2. Let m be j(-10). Let z(i) = 10*i - 25. What is the units digit of z(m)?
5
Suppose 4*v - 4*n + 4 = 0, -2*v + 4*n = 20 - 10. What is the units digit of -7 + (v - -2) + 820?
8
Let a(i) = 13*i**2 + 44*i + 101. What is the units digit of a(-17)?
0
Let o be 3/(-6) + (-153)/(-18) + -6. Suppose -f - 800 = -3*x + 1118, -o*x + 1274 = 4*f. What is the units digit of x?
9
Let s(v) = v**3 - 11*v**2 + 5*v + 1. Let f(y) = -y**3 + 10*y**2 - 17*y + 17. Let z be f(8). Let i be s(z). Let r = i + 247. What is the units digit of r?
1
Let h(z) = -10*z**3 + 108*z**2 + 9*z - 36. What is the units digit of h(10)?
4
Suppose 77*d - 75*d = 5*m + 60112, -3*m = 2*d - 60064. What is the ten thousands digit of d?
3
Let z = -492 - -174. Let r = z + 530. What is the units digit of r?
2
Suppose 0 = p + 4*f + 738 - 3515, 5*p = -5*f + 13855. What is the hundreds digit of p?
7
Suppose 0 = 3*c + 3, -y + 0*c + 5 = -5*c. Suppose -5*m + 4 = 3*b - 3*m, -m - 4 = y. Suppose z + z + 3*s = 333, b*s = 4*z - 696. What is the tens digit of z?
7
Let f(x) = 779*x**2 + 36*x + 130. What is the hundreds digit of f(-3)?
0
Let x be ((-9)/6)/((-15)/20). Suppose -4*g - q = -49 + x, -5*g = q - 60. What is the tens digit of g?
1
Let p = -59418 + 105882. What is the hundreds digit of p?
4
Suppose p - 5*w = 2 + 3, -3*w = -p + 5. Suppose -5*s - 2*a = -8*s + 1978, 2642 = 4*s - p*a. What is the units digit of s?
8
Let a = -4776 - -7385. What is the thousands digit of a?
2
Let n(f) = -f**2 - 5*f + 32. Let z be n(-9). What is the units digit of (5 + z)*87 + -2 + 1?
6
Let a = -37 + 42. Let u(g) = 1 + 8*g**2 - 4*g**2 - a*g**2 - g - 9*g. What is the units digit of u(-10)?
1
Let h be -3 + 54435/35 + 10/(-35). Let m = -947 + h. What is the tens digit of m?
0
Suppose g + 1 = -3*t + 8, -5*g + 4*t = -16. Let a be 1 + (1788/3)/g. Suppose 0*n - 3*n + a = 0. What is the tens digit of n?
5
Let m = 6 + -13. Let u = m - -139. Let q = u + -56. What is the tens digit of q?
7
Suppose 5125 = 5*q - 2*u, -2*u + 4123 = 4*q + u. Suppose -1394 - q = -9*t. What is the tens digit of t?
6
Suppose 5*r - 10*a = 45195, -12*r = -7*r - a - 45213. What is the tens digit of r?
4
Suppose -2*y = y. Let z(v) = v**3 - 23*v**2 + 7*v + 1. Let h(t) = -t**3 + 27*t**2 - 8*t - 2. Let k(c) = -6*h(c) - 7*z(c). What is the units digit of k(y)?
5
Suppose 0 = -3*z + 8*z + 4*n - 21, 0 = -4*z + 5*n + 25. Suppose 0 = -3*o + 6, -2*p - z*o + 2*o = -412. What is the units digit of p?
3
Suppose -1 = j + 3*d, 81 = 4*j - 6*d + d. Let f(k) = k + 0*k**2 - j*k - 48 - 2*k**2 + 3*k**2. What is the units digit of f(22)?
0
What is the thousands digit of 80311/22 + (-45)/(-18)?
3
Suppose 33428 - 130712 = -11*l. What is the hundreds digit of l?
8
Let i = 25332 + -12716. What is the thousands digit of i?
2
Let y be (11/(-33))/(1/(-3)). What is the tens digit of (76/10)/(y*8/140)?
3
Let v(s) = -473*s + 6. Let x(o) = -1420*o + 19. Let n(d) = 7*v(d) - 2*x(d). Let h be n(-1). Suppose 3*f + 148 = h. What is the hundreds digit of f?
1
What is the hundreds digit of 6/(-249) + 1982880/415?
7
Suppose -5*s + 1432 = -s. Suppose 5*v + 5*v = -9*v + 3154. Let q = s - v. What is the units digit of q?
2
Suppose -18816 = -123*s + 120*s. What is the tens digit of s?
7
Suppose 3*k - 311204 = -5*u, -3*u = 5*k + 27411 - 214159. What is the units digit of u?
6
Suppose 2*p - 5 = w - 938, -3*w + 2*p = -2799. Let n = w - 687. What is the tens digit of n?
4
Let c(b) = -9 + 0 + 5*b**2 + b**2 + 5*b**2 + 4*b. What is the hundreds digit of c(-5)?
2
Let a(n) be the second derivative of -n**3/2 + n**2/2 - 10*n. Let f be a(-1). Suppose 2*g - 158 = 4*l, 0 = -g - f*l + 57 + 28. What is the tens digit of g?
8
Let n(w) = 162*w**2 - 22*w + 46. Let u(j) = 2*j**2 - 2*j + 2. Let q be u(1). What is the tens digit of n(q)?
5
Suppose -3*a - 2*q = 622, -a - 5*q + 31 = 260. Let c(w) = 60*w**2 + 7616*w - 110. Let m be c(-127). Let b = a + m. What is the hundreds digit of b?
1
Suppose -4*t - 1784 = -4*m - 27160, 0 = -t + 2*m + 6347. What is the units digit of t?
1
Let j(t) = 14*t - 115. Let v be j(9). Let i(d) = 31*d + 134. What is the tens digit of i(v)?
7
Let p = -45 - -63. Let f be (-36)/(-10) - (-1)/((-30)/p). Suppose -f*x + 348 = -348. What is the tens digit of x?
3
Suppose h + 0*h = 2*o - 138, -303 = 2*h + 5*o. What is the units digit of (2/5 + 258/(-45))*h?
8
Let o(s) = 2*s**2 + 3*s - 4. Let z be o(-3). Suppose 4*v + 224 = 4*h, 2*v + 271 = z*h - 0*v. Let t = h + -22. What is the units digit of t?
1
Let x(i) = 101*i + 138. What is the hundreds digit of x(51)?
2
Suppose -z + 2*h - 133 = -2*z, 0 = 5*z - 2*h - 677. Suppose 99 = -4*p + z. Suppose d - 2*f = 49, -7 = 4*f + p. What is the units digit of d?
1
Let u = -3097 + 10422. What is the hundreds digit of u?
3
Let f(d) = 6*d - 12. Let u be f(5). Suppose -3*b - 6 = 0, -3*b + 946 = 2*w + 2*w. Suppose -4*l + w = 3*k, -5*l - u = 7. What is the units digit of k?
6
Let w(h) = -2*h**2 - 10*h + 5. Let p be w(-5). Suppose -p*m + 3*b + 1730 = 0, -m + 0*m + 346 = -5*b. What is the hundreds digit of m?
3
Let u(n) = 32*n**2 + n - 4. Let p be ((-4)/7)/(2/(-7)). Let q be u(p). Let h = 176 - q. What is the units digit of h?
0
Let x(c) = 631*c**2 - 8*c - 10. Let b be x(-1). What is the hundreds digit of 15474/34 - 74/b?
4
Suppose 2*m - 3*w = 9, 0 = 2*m + 3*m + 3*w - 12. Let k be ((4/3)/4)/(m/45). What is the units digit of -7*10/k*-17?
8
What is the units digit of (444/(-15) + (16 - 18))/((-2)/235)?
3
Let a be 289/68 + (-9)/(-12). Suppose -7269 = -4*z - a*x, -42*x + 20 = -38*x. What is the thousands digit of z?
1
Let f(o) = -278*o - 1277. What is the tens digit of f(-16)?
7
Suppose -593*f - 2685984 = -621*f. What is the ten thousands digit of f?
9
Let n(r) = -7*r**2 - 3*r - 17. Let y be n(5). Let g = y + 78. Let t = 415 + g. What is the hundreds digit of t?
2
Suppose -3*y = -0*y + 765. Let q be ((-13)/(-26))/(35/(-80)*-7 - 3). What is the units digit of (-1)/(12/y)*q?
0
Let r be 12/10*(125/15 + -5). Suppose -5*h + r*j = -272, -h + 46 = 4*j - 2*j. What is the units digit of h?
2
Let w = 189 - 175. What is the units digit of (1742/w - -3)/((-4)/(-28))?
2
Let c(r) = 514*r - 1352. What is the thousands digit of c(21)?
9
Let s(g) = g**3 - 24*g**2 + 16*g - 81. What is the units digit of s(25)?
4
Let s be (-8)/((-4)/12*-3). Let b be (s/(-32))/(-1) + (-13)/(-4). Suppose -20 - 82 = -b*f. What is the tens digit of f?
3
Let s = -143 + 145. Suppose 5*p - 4*i - 4425 = 0, -3*p + 2687 = 2*i + s*i. What is the units digit of p?
9
Let d = -28 - -33. Let k be (d - 2)/(9/120). What is the hundreds digit of k/60 + 626/6?
1
Suppose 180 = 38*w - 23*w. Suppose -w = v - 222. What is the hundreds digit of v?
2
Suppose 127 = 2*v + 31. Suppose 2*u - v = -44. Suppose 0*h - 5*h = -3*i - 676, h + u*i - 143 = 0. What is the tens digit of h?
3
Let f(v) be the first derivative of -340*v**2 + 66*v - 34. What is the hundreds digit of f(-2)?
4
What is the units digit of (((-1)/6)/((-22)/(-3762)))/((-1)/252)?
2
Let i be (-1)/(3*1/(-9)). Let f(n) = n**2 - 5*n + 10. Let a be f(i). Suppose -3*h + 4*t = -92, -5*t = -h + 45 + a. What is the units digit of h?
4
Let r(x) = 20*x